What is the highest common divisor of 28400 and 25919260?
1420
What is the highest common factor of 112250 and 70493?
449
What is the greatest common factor of 639 and 588510693?
639
Calculate the greatest common factor of 962 and 22118711.
37
Calculate the greatest common factor of 876265 and 915.
305
What is the highest common factor of 5971872 and 288?
96
Calculate the highest common divisor of 3 and 2050446.
3
Calculate the highest common divisor of 45239010 and 29670.
1290
What is the highest common factor of 3099797 and 2499?
17
Calculate the highest common factor of 609 and 212472.
3
Calculate the greatest common divisor of 21761437 and 3.
1
What is the highest common factor of 704729 and 6061?
551
Calculate the greatest common factor of 2666 and 34507586.
86
What is the greatest common factor of 3078 and 2337336?
162
What is the greatest common factor of 61842831 and 269?
269
What is the greatest common factor of 1884 and 25805148?
1884
Calculate the highest common divisor of 25404 and 345651.
87
What is the highest common divisor of 172 and 22030620?
172
What is the highest common factor of 227367104 and 64?
64
What is the greatest common divisor of 63621785 and 95?
95
What is the highest common factor of 6887594 and 1694?
14
What is the highest common factor of 126 and 52387?
1
Calculate the greatest common divisor of 896 and 102984.
56
What is the greatest common factor of 26652672 and 704?
64
What is the highest common factor of 6676645 and 8815?
205
Calculate the greatest common divisor of 237965288 and 21813.
7271
What is the highest common factor of 69 and 74728334?
23
What is the greatest common factor of 1438712 and 18216?
88
What is the greatest common factor of 53701935 and 140?
35
What is the greatest common factor of 2736729 and 72?
9
Calculate the greatest common divisor of 753 and 83502931.
251
Calculate the greatest common factor of 150 and 32312970.
30
What is the greatest common divisor of 60 and 342232770?
30
What is the highest common divisor of 85 and 11210327?
17
Calculate the highest common factor of 18827 and 1490705.
281
What is the greatest common divisor of 1280 and 27118160?
80
What is the greatest common factor of 518328 and 50094?
414
Calculate the highest common factor of 951461 and 249719.
3161
What is the highest common factor of 16 and 4307572?
4
What is the greatest common divisor of 434653 and 390875?
3127
What is the greatest common divisor of 142977035 and 5?
5
Calculate the greatest common divisor of 5540470 and 426075.
1495
Calculate the highest common factor of 47256 and 1852488.
264
What is the greatest common factor of 289959 and 11001?
57
What is the greatest common divisor of 868804068 and 11?
11
What is the greatest common factor of 84451 and 103411?
79
Calculate the highest common factor of 4695378 and 2934.
978
What is the greatest common divisor of 3456762 and 171051?
2553
Calculate the greatest common divisor of 168273796 and 3473.
3473
Calculate the highest common divisor of 335625 and 42423.
537
What is the highest common factor of 370 and 4825318?
74
Calculate the highest common divisor of 14151 and 39519.
3
What is the greatest common divisor of 5082720 and 15488?
32
What is the highest common divisor of 700650 and 24912?
3114
Calculate the highest common divisor of 170736 and 816.
48
What is the highest common divisor of 559357120 and 397?
397
What is the highest common divisor of 322 and 1727902232?
322
What is the greatest common factor of 139537315 and 4005?
445
What is the highest common factor of 72 and 1598868?
36
What is the greatest common factor of 3 and 15212091?
3
What is the greatest common factor of 89024 and 9542?
26
Calculate the highest common divisor of 24898 and 5807986.
422
Calculate the greatest common divisor of 348562078 and 1798.
1798
Calculate the greatest common divisor of 140219 and 235478.
281
Calculate the highest common divisor of 56888 and 384043777.
7111
What is the highest common factor of 1300820 and 326170?
1930
Calculate the greatest common factor of 91317439 and 19.
19
What is the greatest common factor of 19905539 and 857?
857
Calculate the greatest common factor of 17778 and 6294.
6
Calculate the highest common divisor of 730 and 79190.
10
What is the highest common factor of 61896 and 16152?
24
Calculate the greatest common divisor of 1113 and 379850947.
371
Calculate the greatest common divisor of 304549 and 166.
1
Calculate the greatest common factor of 910 and 10651030.
130
Calculate the highest common divisor of 4410 and 41727.
21
What is the greatest common divisor of 801098 and 20777?
263
What is the greatest common factor of 584 and 23045808?
584
What is the greatest common divisor of 318585072 and 52?
52
What is the highest common factor of 493114848 and 192?
96
Calculate the highest common factor of 1029 and 159299.
49
Calculate the greatest common factor of 1265 and 91063555.
1265
Calculate the greatest common factor of 50094 and 19658100.
1518
Calculate the greatest common divisor of 7904077 and 56153.
241
Calculate the highest common factor of 5527337 and 299.
23
What is the highest common factor of 128304 and 1177616?
176
Calculate the greatest common divisor of 137484030 and 18440.
4610
Calculate the highest common factor of 1007105 and 3080.
55
What is the greatest common factor of 1102 and 67578497?
551
Calculate the greatest common factor of 39 and 260571.
3
What is the highest common factor of 36892 and 17204?
92
What is the greatest common divisor of 17108 and 732004?
364
Calculate the greatest common factor of 270067395 and 845.
65
Calculate the greatest common factor of 28825082 and 2860.
286
What is the greatest common divisor of 14292 and 105843376?
1588
What is the greatest common factor of 111 and 1402023388?
37
Calculate the highest common factor of 3 and 23854513.
1
What is the highest common factor of 9920 and 48952720?
2480
What is the greatest common factor of 4359636 and 32967?
999
What is the highest common factor of 5344806 and 1068?
534
What is the highest common factor of 12466896 and 12?
12
What is the greatest common divisor of 6755 and 518784?
1351
What is the highest common factor of 5490954 and 140?
14
Calculate the highest common divisor of 32536 and 22113112.
392
Calculate the greatest common divisor of 20606400 and 265.
265
Calculate the highest common factor of 66 and 167506790.
22
Calculate the greatest common factor of 657 and 1553349.
3
What is the greatest common divisor of 5256198 and 27072?
846
Calculate the greatest common factor of 2009 and 14558321.
41
Calculate the highest common factor of 16637616 and 817.
19
What is the greatest common factor of 1563135840 and 336?
336
What is the greatest common factor of 30 and 33765?
15
What is the greatest common divisor of 113287502 and 278?
278
What is the greatest common divisor of 4022990 and 250?
10
What is the highest common factor of 6 and 109447620?
6
Calculate the greatest common divisor of 175 and 6610030.
35
What is the greatest common factor of 5136045 and 8265?
435
What is the highest common divisor of 854 and 1124840?
122
What is the highest common divisor of 3794 and 3313246?
542
What is the highest common factor of 495 and 58875135?
165
What is the greatest common factor of 30421758 and 6?
6
What is the highest common divisor of 31004 and 11049556?
1348
Calculate the greatest common factor of 23788193 and 286.
143
Calculate the highest common divisor of 264594 and 9757906.
8018
What is the greatest common divisor of 7 and 301773?
1
Calculate the highest common divisor of 87819 and 4535709.
219
What is the highest common divisor of 864 and 131816592?
432
What is the greatest common divisor of 13870 and 16435?
95
Calculate the highest common divisor of 5558216 and 16.
8
What is the highest common divisor of 91 and 6386653?
91
What is the greatest common factor of 21745253 and 38?
19
Calculate the greatest common factor of 69 and 1521763099.
23
Calculate the highest common factor of 288 and 88091424.
288
What is the greatest common divisor of 4421791 and 407?
11
What is the greatest common factor of 454866 and 8742?
282
What is the highest common factor of 518331 and 13674243?
3729
Calculate the greatest common divisor of 3301771 and